6 + 0 + -1*3 - -7 is divided by b.
4
Calculate the remainder when (-812)/(-8) - (-108)/72 is divided by 79.
24
Let j be 12/50*5*15/6. Suppose -4*f + 30 = -0*y + y, 0 = j*y - 5*f - 22. What is the remainder when 110 is divided by y?
12
Suppose 4*i = -i. Suppose 3*v - 2*d - 53 = 0, v + 11 = -d + 27. Calculate the remainder when -1 + 3 - (i + -64) is divided by v.
15
Let m(v) = v**2 - 11*v + 7. Let h be m(7). What is the remainder when 61 is divided by (h/1)/(1/(-1))?
19
Suppose -1308 = 23*w - 35*w. What is the remainder when 118 is divided by w?
9
Let f = 20 - -2. Let z = f + 12. Let r = 19 - 1. What is the remainder when z is divided by r?
16
Let y be 12/42 - (-1840)/28. Suppose 21*n - 19*n = y. Suppose n = -2*t + 4*t + u, 2*u - 10 = 0. Calculate the remainder when t is divided by 3.
2
Let c = 52 - 30. What is the remainder when c is divided by 3 + 51/(-15) + (-42)/(-5)?
6
Let l(w) be the second derivative of -5*w**2 + 0 + 1/2*w**3 + 3*w. What is the remainder when l(7) is divided by 3?
2
Suppose 0 = 5*c - 4*o - 81 - 173, -4*c + 204 = -4*o. Calculate the remainder when c is divided by 17.
16
Let s = -751 - -2157. What is the remainder when s is divided by 67?
66
Let u(t) = -t + 22. Let r(d) = d + 37. Calculate the remainder when r(-19) is divided by u(10).
6
Suppose 0 = 7*p - 11*p + 948. What is the remainder when p is divided by 30?
27
Let g(o) = -o**3 - 10*o**2 + o + 33. What is the remainder when 58 is divided by g(-10)?
12
Suppose 4*k = -2*d + 30, -k + 66 = 4*d + d. Suppose 168 = 6*i + 42. Calculate the remainder when i is divided by d.
8
Let k be ((-4)/(-10))/((-217)/(-105) - 2). Let s(j) = 2*j**2 + 2*j - 13. What is the remainder when s(k) is divided by 24?
23
Let h = -24 + 22. What is the remainder when (-1)/(h - (-465)/235) is divided by 12?
11
What is the remainder when 458 is divided by (-4200)/250*(7/(-2) - -1)?
38
Let p be (16/(-16))/((2 + -1)/29). Let f = -27 - p. What is the remainder when 6 is divided by f?
0
Calculate the remainder when (-82)/(-6)*72/24 is divided by 23.
18
Let a = -386 + 439. Calculate the remainder when 98 is divided by a.
45
Let o = -8 - -4. Let c be o*((-4)/2 + 0). Suppose g = -g + c. Calculate the remainder when 13 is divided by g.
1
Let q(z) = 59*z**2 + z - 1. Suppose -9*p + 14*p - 20 = 0. Suppose 7 = p*u - 53. What is the remainder when q(1) is divided by u?
14
Suppose 6*d + 36 = 174. What is the remainder when 176 is divided by d?
15
Suppose 16*y - 319 = -47. Calculate the remainder when 21 is divided by y.
4
Let d(s) = s**2 + 8*s + 10. Let t be d(-7). Suppose 32 = -t*u - 46. Let y = u - -62. Calculate the remainder when y is divided by 13.
10
Let p(y) = -8*y - 2. Let a(d) = -6*d**3 + d**2 + d. Let i(u) = -3*u**3 + 2*u**2 + u - 1. Let q be i(1). What is the remainder when p(-3) is divided by a(q)?
4
Suppose -4*f + 8*f - 20 = 0. Suppose 21 = j + f*v - 51, 3*j = -2*v + 151. What is the remainder when j is divided by 16?
15
Let q(s) = 2*s + 5. Let p be q(-2). Let j(l) = -25*l - 2. What is the remainder when j(-2) is divided by p + (27 - 1 - 2)?
23
Let o(v) = -3*v - 1. Let h(s) = -3*s**3 + 2*s**2 - s. Let b be h(1). What is the remainder when 1/b - 110/(-4) is divided by o(-5)?
13
Let n = -128 + 73. Let y = 17 - n. Calculate the remainder when y is divided by 15.
12
What is the remainder when (-2)/(-6) - 131/(-3) is divided by -60*(-2)/18*(-2)/(16/(-18))?
14
Suppose 13 = 3*d + 13. Let w(u) = -u**3 + u + 6. What is the remainder when 40 is divided by w(d)?
4
Let f(l) = l**2 - 11. Suppose -5*n + 78 - 28 = -5*h, h + 2*n = 2. What is the remainder when 47 is divided by f(h)?
22
Let j = -180 + 194. Calculate the remainder when 4982 is divided by j.
12
Suppose 0 = 4*x + 2*y - 232, -368*x - 4*y = -373*x + 264. Suppose -o + 11 = u, -u + 2*o = -o - 27. What is the remainder when x is divided by u?
11
Suppose -3 = -3*x + 4*q - 1, 0 = 5*x + 2*q - 12. Calculate the remainder when 6 is divided by x.
0
Suppose -7 = -3*q + 5. Let a(x) = x + 1. What is the remainder when 16 is divided by a(q)?
1
Let i = 20 + -17. What is the remainder when ((-3)/i)/(1/(-127)) is divided by 13?
10
Let q be (-150)/(-20)*(-4)/(-5). Suppose -4*r + 73 = 3*v, r - 2*v - 4 = q. Suppose 4*z + r = 6*z. What is the remainder when z is divided by 5?
3
Let g(v) = v**3 - 3*v**2 + 6*v + 1. Let k be g(5). Suppose 4*o + 19 + k = 0. Let d = -12 - o. Calculate the remainder when 37 is divided by d.
11
Let w = 1325 - 320. What is the remainder when w is divided by 63?
60
Suppose -2*n + 4*h + 44 = 2*h, 4*h = 5*n - 113. What is the remainder when n is divided by 87/9 + 4/(-6)?
7
Let d = 49 + -23. Let a(l) = 23*l - 8. Let u be a(11). Suppose -6*f = -11*f + u. What is the remainder when f is divided by d?
23
Let l = -292 + 757. Suppose 9*t - 57 = l. Calculate the remainder when t is divided by 31.
27
Suppose 0 = -3*r - 0*r + 3*p + 300, r - 85 = -2*p. Suppose 0 = -2*m + 5*g + r, -3*m + 4*m + 4*g = 15. What is the remainder when 173 is divided by m?
33
Let o(h) = h**2 - 11*h + 72. Calculate the remainder when 375 is divided by o(9).
51
Let l(v) = -v**3 - 19*v**2 + 19*v + 5. What is the remainder when (4/10)/(1/115) is divided by l(-20)?
21
Let k = -39 + 43. Suppose 0*p - 6 = -3*p. Suppose 3*j - 10 - 8 = -p*y, 0 = -j + 4. What is the remainder when k is divided by y?
1
Let w = 42 - 27. Let x(i) = -19*i + 82. Calculate the remainder when w is divided by x(4).
3
Suppose -2*c + 3*a = a + 32, 2*a = 3*c + 50. Let x = c + 177. Calculate the remainder when x is divided by 41.
36
Suppose 0 = j + 4*y - 12, -3*j + 2*y + 0*y = -50. Calculate the remainder when 3/30 - (-789)/10 is divided by j.
15
Let j = 15 + -9. Suppose 3*v + 7*i = 8*i + 137, -247 = -5*v - 3*i. Calculate the remainder when v is divided by j.
5
Let a be (-2)/1 + (1*-2 - -360). Suppose 78*h = 74*h + a. Calculate the remainder when h is divided by 18.
17
Let i = -31 - -214. Calculate the remainder when i is divided by 17.
13
Let o be -2*1*2/(-2). Let c = o - -6. Let j = c - -7. What is the remainder when 44 is divided by j?
14
Let p = -312 - -328. What is the remainder when 686 is divided by p?
14
Let g(z) = 13*z. Suppose 2 = 5*i + o - 5, -4*o - 6 = 3*i. What is the remainder when g(i) is divided by 9?
8
Suppose 3*w = 2*r + 82, -33*w + 38*w - 2*r - 134 = 0. Calculate the remainder when (-5)/(-1)*(-30)/(-2) is divided by w.
23
Let l(f) = -83*f**3 + 2*f**2 + f + 2. Suppose 2*n + 70 = 2*c, 3*n - 2*n = 2*c - 65. What is the remainder when l(-1) is divided by c?
26
Let o(d) = d**3 - 3*d**2 + 4*d - 2. Let f be o(2). Suppose -1 = b, 4*a + 4*b - 92 = f*a. What is the remainder when a is divided by 2/(3 - 98/34)?
14
Let l = 5 - -15. Suppose 5*k + 5*o = -l, -3*k - 3*o = k + 12. Suppose k*i - 16 = -i. Calculate the remainder when i is divided by 10.
6
Suppose -260 = -4*a + 2*p + 146, 3*a - 2*p = 307. Suppose 0 = 4*w - w - a. Suppose -h + w = 2*h. Calculate the remainder when 42 is divided by h.
9
Suppose 0 = -3*z + 4*z - 2*q - 2, -2*z + 3 = -3*q. Suppose b + 22 - 65 = z. Calculate the remainder when b is divided by 22.
21
Suppose 62*u - 304 = 46*u. Calculate the remainder when 81 is divided by u.
5
What is the remainder when (2 - 36)/(4/((-16)/2)) is divided by 53?
15
Suppose -223 = -5*o - 33. Suppose 0 = 44*x - 163 - 277. Calculate the remainder when o is divided by x.
8
Let u = -1826 + 1923. Calculate the remainder when u is divided by (0/(-2) - 25)*-1.
22
Let m = 236 + -160. Calculate the remainder when m is divided by 27.
22
Let w be 91/35 - 2/(-5). Suppose -2*a - 26 = -a. What is the remainder when 117/a*(-32)/w is divided by 13?
9
Suppose 0 = -78*t + 80*t - 122. Let o = t - 54. Calculate the remainder when 138 is divided by o.
5
Suppose 2*k - 66 = -18. Calculate the remainder when 67 is divided by k.
19
Suppose -16*w = -291 - 189. Calculate the remainder when 116 is divided by w.
26
Suppose 552 = -3*w + 26*w. Calculate the remainder when 74 is divided by w.
2
Suppose 2*l - 70 = -3*s, -7*s + 2*s - 10 = 0. What is the remainder when l is divided by 7?
3
Let d(f) = 2*f**2 - 18*f + 31. What is the remainder when 401 is divided by d(9)?
29
Suppose -21*w + 130 = -16*w. Suppose 3*q - w = 34. Calculate the remainder when 73 is divided by q.
13
Suppose -10*v = -213 + 103. Calculate the remainder when 37 is divided by v.
4